{"id":92,"date":"2024-03-03T21:55:31","date_gmt":"2024-03-03T20:55:31","guid":{"rendered":"http:\/\/www.simd40.l3-digital.fr\/?page_id=92"},"modified":"2024-03-08T12:24:41","modified_gmt":"2024-03-08T11:24:41","slug":"personnelles","status":"publish","type":"page","link":"https:\/\/www.simd40.l3-digital.fr\/index.php\/personnelles\/","title":{"rendered":"Personnelles"},"content":{"rendered":"\n<div style=\"height:37px\" aria-hidden=\"true\" class=\"wp-block-spacer\"><\/div>\n\n\n\n<p>Depuis ma petite enfance, j&rsquo;ai toujours \u00e9prouv\u00e9 une <strong>passion marqu\u00e9e pour la cr\u00e9ation et la conception de nouvelles choses<\/strong>, et mon souci du d\u00e9tail a toujours \u00e9t\u00e9 une constante dans mes entreprises artistiques. Ainsi, j&rsquo;ai eu l&rsquo;occasion de concr\u00e9tiser de nombreux projets personnels dans divers domaines cr\u00e9atifs, que ce soit la confection de v\u00eatements, la r\u00e9alisation de livres ou la r\u00e9daction d&rsquo;\u00e9crits vari\u00e9s. Cette d\u00e9marche artistique a \u00e9t\u00e9 pour moi un moyen d&rsquo;explorer et de d\u00e9velopper mes comp\u00e9tences, tout en exprimant ma cr\u00e9ativit\u00e9 et mon attachement au perfectionnisme. Chaque projet que j&rsquo;ai entrepris repr\u00e9sente une \u00e9tape dans mon \u00e9volution artistique, fa\u00e7onnant ma compr\u00e9hension du processus cr\u00e9atif et alimentant ma passion pour les d\u00e9tails minutieux. Ainsi, mon parcours continue de se construire autour de cette passion profonde qui m&rsquo;anime depuis mes premiers pas dans le monde de la cr\u00e9ation.<\/p>\n\n\n\n<p>Je vous propose donc de d\u00e9couvrir quelques exemples de cr\u00e9ations. <\/p>\n\n\n\n<p>Premi\u00e8rement, pour No\u00ebl, j&rsquo;ai offert un <strong>album photo<\/strong> retra\u00e7ant leur voyage pour venir me rendre visite \u00e0 Almeria durant mon Erasmus. J&rsquo;ai r\u00e9alis\u00e9 tout le visuel sur Canva, en faisant tout sur mesure. <\/p>\n\n\n\n<div style=\"height:37px\" aria-hidden=\"true\" class=\"wp-block-spacer\"><\/div>\n\n\n<div class=\"wp-block-image\">\n<figure class=\"aligncenter size-full is-resized\"><img loading=\"lazy\" decoding=\"async\" width=\"455\" height=\"316\" src=\"http:\/\/www.simd40.l3-digital.fr\/wp-content\/uploads\/2024\/03\/ANDALUCIA.png\" alt=\"\" class=\"wp-image-276\" style=\"width:324px;height:auto\" srcset=\"https:\/\/www.simd40.l3-digital.fr\/wp-content\/uploads\/2024\/03\/ANDALUCIA.png 455w, https:\/\/www.simd40.l3-digital.fr\/wp-content\/uploads\/2024\/03\/ANDALUCIA-300x208.png 300w\" sizes=\"auto, (max-width: 455px) 100vw, 455px\" \/><\/figure>\n<\/div>\n\n\n<div style=\"height:37px\" aria-hidden=\"true\" class=\"wp-block-spacer\"><\/div>\n\n\n\n<p>De plus, dans le cadre de ma recherche de stage, j&rsquo;ai r\u00e9alis\u00e9 un <strong>CV en carrousel<\/strong> que j&rsquo;ai post\u00e9 sur mon compte Linkedin. Le but \u00e9tait de me d\u00e9marquer des autres \u00e9tudiants et de ne pas simplement propos\u00e9 un CV basique. <\/p>\n\n\n\n<div style=\"height:37px\" aria-hidden=\"true\" class=\"wp-block-spacer\"><\/div>\n\n\n\n<div data-wp-interactive=\"core\/file\" class=\"wp-block-file\"><object data-wp-bind--hidden=\"!state.hasPdfPreview\" hidden class=\"wp-block-file__embed\" data=\"http:\/\/www.simd40.l3-digital.fr\/wp-content\/uploads\/2024\/03\/CV-carrousel-Nina-Fournier.pdf\" type=\"application\/pdf\" style=\"width:100%;height:340px\" aria-label=\"Contenu embarqu\u00e9 CV-carrousel-Nina-Fournier.\"><\/object><a id=\"wp-block-file--media-640553ee-dea9-4e46-9fff-bc68c63fb97d\" href=\"http:\/\/www.simd40.l3-digital.fr\/wp-content\/uploads\/2024\/03\/CV-carrousel-Nina-Fournier.pdf\">CV-carrousel-Nina-Fournier<\/a><a href=\"http:\/\/www.simd40.l3-digital.fr\/wp-content\/uploads\/2024\/03\/CV-carrousel-Nina-Fournier.pdf\" class=\"wp-block-file__button wp-element-button\" download aria-describedby=\"wp-block-file--media-640553ee-dea9-4e46-9fff-bc68c63fb97d\">T\u00e9l\u00e9charger<\/a><\/div>\n","protected":false},"excerpt":{"rendered":"<p>Depuis ma petite enfance, j&rsquo;ai toujours \u00e9prouv\u00e9 une passion marqu\u00e9e pour la cr\u00e9ation et la conception de nouvelles choses, et mon souci du d\u00e9tail a toujours \u00e9t\u00e9 une constante dans mes entreprises artistiques. Ainsi, j&rsquo;ai eu l&rsquo;occasion de concr\u00e9tiser de nombreux projets personnels dans divers domaines cr\u00e9atifs, que ce soit la confection de v\u00eatements, la r\u00e9alisation de livres ou la r\u00e9daction d&rsquo;\u00e9crits vari\u00e9s. Cette d\u00e9marche artistique a \u00e9t\u00e9 pour moi un moyen d&rsquo;explorer et de d\u00e9velopper mes comp\u00e9tences, tout en exprimant ma cr\u00e9ativit\u00e9 et mon attachement au perfectionnisme. Chaque projet que j&rsquo;ai entrepris repr\u00e9sente une \u00e9tape dans mon \u00e9volution artistique, fa\u00e7onnant ma compr\u00e9hension du processus cr\u00e9atif et alimentant ma passion pour les d\u00e9tails minutieux. Ainsi, mon parcours continue de se construire autour de cette passion profonde qui m&rsquo;anime depuis mes premiers pas dans le monde de la cr\u00e9ation. Je vous propose donc de d\u00e9couvrir quelques exemples de cr\u00e9ations. Premi\u00e8rement, pour No\u00ebl, j&rsquo;ai offert un album photo retra\u00e7ant leur voyage pour venir me rendre visite \u00e0 Almeria durant mon Erasmus. J&rsquo;ai r\u00e9alis\u00e9 tout le visuel sur Canva, en faisant tout sur mesure. De plus, dans le cadre de ma recherche de stage, j&rsquo;ai r\u00e9alis\u00e9 un CV en carrousel que j&rsquo;ai post\u00e9 sur mon compte Linkedin. Le but \u00e9tait de me d\u00e9marquer des autres \u00e9tudiants et de ne pas simplement propos\u00e9 un CV basique.<\/p>\n","protected":false},"author":1,"featured_media":0,"parent":0,"menu_order":0,"comment_status":"closed","ping_status":"closed","template":"","meta":{"footnotes":""},"class_list":["post-92","page","type-page","status-publish","hentry"],"_links":{"self":[{"href":"https:\/\/www.simd40.l3-digital.fr\/index.php\/wp-json\/wp\/v2\/pages\/92","targetHints":{"allow":["GET"]}}],"collection":[{"href":"https:\/\/www.simd40.l3-digital.fr\/index.php\/wp-json\/wp\/v2\/pages"}],"about":[{"href":"https:\/\/www.simd40.l3-digital.fr\/index.php\/wp-json\/wp\/v2\/types\/page"}],"author":[{"embeddable":true,"href":"https:\/\/www.simd40.l3-digital.fr\/index.php\/wp-json\/wp\/v2\/users\/1"}],"replies":[{"embeddable":true,"href":"https:\/\/www.simd40.l3-digital.fr\/index.php\/wp-json\/wp\/v2\/comments?post=92"}],"version-history":[{"count":9,"href":"https:\/\/www.simd40.l3-digital.fr\/index.php\/wp-json\/wp\/v2\/pages\/92\/revisions"}],"predecessor-version":[{"id":368,"href":"https:\/\/www.simd40.l3-digital.fr\/index.php\/wp-json\/wp\/v2\/pages\/92\/revisions\/368"}],"wp:attachment":[{"href":"https:\/\/www.simd40.l3-digital.fr\/index.php\/wp-json\/wp\/v2\/media?parent=92"}],"curies":[{"name":"wp","href":"https:\/\/api.w.org\/{rel}","templated":true}]}}